ulate s(9).
6
Let q(b) = 41*b + 358. Give q(-8).
30
Let l(u) = u**2 + 42*u - 248. Give l(-48).
40
Let w(q) = -q**2 - 26*q + 69. Determine w(-27).
42
Let i(h) = -h**2 - 29*h - 196. Give i(-15).
14
Let q(l) = -l**3 - 63*l**2 + 131*l + 256. Determine q(-65).
191
Let s(c) = -208*c - 836. Calculate s(-4).
-4
Let a(c) = -9*c**2 - 559*c - 57. Determine a(-62).
5
Let g(j) = -28*j + 191. Determine g(7).
-5
Let q(y) = -y**2 - 168*y + 1354. Determine q(7).
129
Let q(n) = 4*n**2 - 11*n - 27. What is q(4)?
-7
Let n(w) = -w**3 + 9*w**2 - 23*w - 17. What is n(4)?
-29
Let n(v) = v**3 - 126*v**2 - 248*v - 1021. Determine n(128).
3
Let w(z) = -7*z**3 + 8*z**2 - 2*z - 10. Determine w(2).
-38
Let f(v) = v**3 - 28*v**2 - 2*v - 17. Calculate f(28).
-73
Let n(y) = -y**2 - 14*y - 66. What is n(-11)?
-33
Let k(p) = 428*p + 1582. Give k(-4).
-130
Let x(k) = -k**3 + 5*k**2 - 10*k + 32. Give x(0).
32
Let d(j) = 23*j + 473. What is d(-10)?
243
Let w(r) = 2*r**2 + 34*r + 5. Give w(0).
5
Let d(x) = 7*x**2 + 24*x - 139. What is d(5)?
156
Let o(x) = -x**3 - 27*x**2 - 45*x + 13. Determine o(-2).
3
Let p(o) = -227*o - 10679. Give p(-47).
-10
Let w(m) = 6*m**3 + 48*m**2 - 10*m - 14. What is w(-8)?
66
Let g(b) = 2*b**2 - 35*b - 246. Calculate g(23).
7
Let t(m) = -97*m**3 - 3*m**2 + 2*m. Calculate t(1).
-98
Let w(m) = -213*m - 6. Give w(-1).
207
Let g(x) = 3*x**3 + 5*x**2 + 12*x - 2. Give g(-5).
-312
Let n(f) = -f**3 - 3*f**2 - 16*f - 54. Calculate n(-3).
-6
Let t(f) = 68*f - 5028. Determine t(74).
4
Let o(i) = 463*i + 1383. Give o(-3).
-6
Let o(c) = c**3 - c**2 - 31*c + 5. What is o(6)?
-1
Let r(q) = -5*q**2 - 9*q - 12. Give r(-3).
-30
Let g(d) = 90*d + 1559. What is g(-17)?
29
Let n(h) = 632*h - 3305. Calculate n(5).
-145
Let c(k) = -4*k - 61. Calculate c(9).
-97
Let g(q) = q**3 - 33*q**2 + 34*q - 53. Give g(32).
11
Let p(s) = -23*s + 247. Determine p(10).
17
Let s(f) = -f**2 + 84*f + 2520. Calculate s(-24).
-72
Let q(i) = -38*i - 138. Give q(-3).
-24
Let u(c) = -299*c + 2130. Determine u(7).
37
Let b(h) = -2*h**2 - 149*h + 149. Calculate b(1).
-2
Let o(b) = b**2 + 50*b + 531. Give o(-17).
-30
Let v(o) = -248*o**2 + 991*o + 10. Calculate v(4).
6
Let s(m) = m**2 - 13*m + 23. Give s(7).
-19
Let l(h) = 4*h**3 + 146*h**2 + 68*h - 117. Give l(-36).
27
Let p(r) = 6*r**2 + 316*r + 64. Calculate p(-52).
-144
Let q(k) = -102*k + 1214. Calculate q(12).
-10
Let a(x) = -9*x**3 - 2*x**2 + 6*x - 17. Calculate a(2).
-85
Let f(q) = q**3 + 10*q**2 - 40*q + 31. What is f(-13)?
44
Let f(z) = -6*z**2 + 173*z + 93. What is f(34)?
-961
Let m(l) = 2*l**3 - 32*l**2 + 122*l - 311. Give m(12).
1
Let u(c) = -c**3 + 19*c**2 - 58*c + 165. What is u(16)?
5
Let l(o) = o**3 - 10*o**2 + 3*o - 39. Determine l(10).
-9
Let y(m) = 20*m + 54. What is y(0)?
54
Let j(r) = -262*r - 13873. Calculate j(-53).
13
Let r(h) = -276*h + 4977. Determine r(18).
9
Let t(f) = -f**3 - 57*f**2 - 16*f + 2235. Give t(-56).
-5
Let u(p) = -p**3 - 34*p**2 - 281*p + 108. Determine u(-18).
-18
Let i(u) = u**2 + 112*u + 627. Give i(-6).
-9
Let c(t) = t**2 - 11*t - 315. Determine c(-13).
-3
Let r(t) = 3*t + 56. What is r(-14)?
14
Let l(w) = -7*w**2 + 65*w + 1291. Determine l(19).
-1
Let d(o) = -27*o - 255. What is d(-4)?
-147
Let u(o) = -31*o**2 + 619*o + 1869. Give u(-3).
-267
Let b(a) = -5*a**2 + 7*a + 2. Calculate b(4).
-50
Let q(r) = 21*r**3 + 505*r**2 + 27*r + 80. Determine q(-24).
8
Let r(g) = -g**2 + 26*g + 24. Give r(21).
129
Let l(v) = -v**2 - 65*v - 1021. Calculate l(-36).
23
Let x(m) = 213*m + 1698. Determine x(-8).
-6
Let f(g) = g**2 - 5*g - 64. Give f(-11).
112
Let x(l) = -l**3 - 13*l**2 - 19*l + 92. Determine x(-9).
-61
Let d(o) = 83*o**3 - 3*o**2 + 6*o - 4. Give d(1).
82
Let t(n) = -35*n**2 + 953*n - 57. What is t(27)?
159
Let u(b) = -b**3 + 5*b**2 + 30*b + 27. Determine u(7).
139
Let y(d) = -28*d + 2. What is y(-3)?
86
Let p(i) = 19*i + 506. Determine p(-26).
12
Let u(i) = 2720*i - 65275. Give u(24).
5
Let r(n) = 4*n**3 - 29*n**2 - 33*n + 61. Give r(8).
-11
Let t(h) = -h**3 - h**2 + 54*h - 209. What is t(5)?
-89
Let a(f) = f**2 - 28*f - 2164. What is a(62)?
-56
Let o(l) = -l**3 + 49*l**2 + 52*l + 12. Give o(50).
112
Let r(h) = -689*h - 5555. Calculate r(-8).
-43
Let g(j) = j**2 + 138*j + 4723. What is g(-63)?
-2
Let s(d) = 5*d**2 + 261*d + 1030. What is s(-48)?
22
Let g(c) = -c**3 - 2*c**2 + 53*c - 199. Calculate g(4).
-83
Let n(t) = -t**2 - 44*t - 101. Give n(-44).
-101
Let a(j) = j**2 + 37*j - 1600. Determine a(25).
-50
Let l(k) = 27*k + 403. What is l(-14)?
25
Let y(z) = z**3 + 82*z**2 - 10*z - 803. Calculate y(-82).
17
Let n(l) = -124*l + 3686. Give n(30).
-34
Let c(b) = 2540*b + 20321. Determine c(-8).
1
Let k(p) = -p**2 - 68*p + 493. Calculate k(-75).
-32
Let b(m) = m**2 - 231*m + 4970. What is b(24)?
2
Let y(l) = 3*l**2 + 5*l + 28. Determine y(6).
166
Let a(h) = -h**2 + 62*h - 424. Give a(57).
-139
Let b(t) = -t**3 + 5*t**2 - 6*t + 64. Calculate b(5).
34
Let y(g) = 14*g**2 - 591*g + 2345. What is y(4)?
205
Let a(p) = -10*p - 77. Determine a(-4).
-37
Let k(s) = 657*s + 1304. Calculate k(-2).
-10
Let o(b) = 12*b + 68. What is o(-17)?
-136
Let n(c) = c**2 + 227*c + 11888. What is n(-145)?
-2
Let g(p) = -3*p**3 - 4*p**2 + 6*p - 27. What is g(4)?
-259
Let x(g) = 2*g**3 - 48*g**2 + 300*g - 5852. Give x(23).
-10
Let u(g) = -13*g**2 + 430*g + 20. Determine u(33).
53
Let m(o) = 6*o**2 - 225*o - 226. Determine m(-1).
5
Let y(q) = q - 275. Calculate y(4).
-271
Let y(g) = -24*g**2 - 21*g - 3. Give y(-1).
-6
Let w(t) = t**3 + t**2 - 50*t + 13. Calculate w(6).
-35
Let z(p) = 2*p**2 + 38*p + 31. Calculate z(-12).
-137
Let j(x) = -x**3 - 22*x**2 - 57*x - 71. Determine j(-19).
-71
Let l(t) = 26*t**3 - 732*t**2 + 111*t + 31. Give l(28).
3
Let l(o) = -9*o**2 - 155*o + 290. Calculate l(-18).
164
Let c(j) = j**2 + 75*j + 1030. Calculate c(-17).
44
Let w(c) = -c**2 - 73*c + 4665. Determine w(-114).
-9
Let s(g) = 105*g - 75. Calculate s(0).
-75
Let t(u) = u**2 + 4*u - 550. Calculate t(-20).
-230
Let s(b) = b**2 - 33*b - 43. Determine s(33).
-43
Let w(y) = y**2 + 117*y + 2468. What is w(-88)?
-84
Let i(d) = -16*d - 1622. Give i(-101).
-6
Let g(o) = 3*o**3 + 17*o**2 + 6*o - 16. Calculate g(-5).
4
Let a(q) = -4*q**3 + 6*q**2 + 9*q - 24. Calculate a(2).
-14
Let v(l) = 2*l**2 - 25*l + 19. What is v(6)?
-59
Let t(j) = 40*j - 283. Determine t(7).
-3
Let q(h) = 146*h - 51. What is q(-2)?
-343
Let f(z) = 452*z - 682. Determine f(2).
222
Let h(m) = 3465*m + 65834. Give h(-19).
-1
Let p(n) = -n**3 - 19*n**2 - 85*n - 1466. Calculate p(-18).
-260
Let m(r) = -r**3 - 3*r**2 + 26*r - 16. Calculate m(3).
8
Let l(z) = z**3 + 10*z**2 - 78*z - 18. Determine l(-15).
27
Let s(r) = -r**2 + 41*r - 152. What is s(6)?
58
Let j(m) = -m**3 + 34*m**2 + 69*m + 54. Determine j(36).
-54
Let s(i) = 22*i + 51. Give s(-6).
-81
Let v(i) = i**3 - 9*i**2 - 12*i + 15. Give v(10).
-5
Let j(p) = 2*p**2 - 44*p + 120. Give j(19).
6
Let a(w) = 178*w + 5881. Determine a(-33).
7
Let h(j) = -12*j - 2084. What is h(-172)?
-20
Let h(q) = -2*q**2 + 64*q - 156. Calculate h(30).
-36
Let x(l) = -l**3 - 30*l**2 - 77*l + 103. Determine x(-27).
-5
Let k(d) = -d**3 - 11*d**2 - 11*d + 42. What is k(-10)?
52
Let a(z) = -2*z**2 + 53*z - 14. Determine a(28).
-98
Let b(f) = -3*f + 324. Give b(22).
258
Let a(i) = 43*i - 2501. What is a(57)?
-50
Let z(m) = 5052*m - 70734. Calculate z(14).
-6
Let o(c) = 9*c**2 - 81*c - 275. Calculate o(-3).
49
Let v(k) = -29*k**2 + 303*k + 541. Determine v(12).
1
Let h(p) = 2*p**2 - 27*p + 116. Determine h(7).
25
Let f(y) = 2*y**3 + 700*y**2 + 2088*y + 2083. Give f(-347).
1
Let f(q) = -2*q**2 - 5*q - 7. Calculate f(-4).
-19
Let v(z) = -57*z - 145. Calculate v(-23).
1166
Let a(o) = o**3 - 11*o**2 + 77*o - 762. What is a(11)?
85
Let o(u) = -4*u**2 - 69*u - 24. Determine o(-17).
-7
Let p(f) = 32*f - 7003. Calculate p(219).
5
Let j(h) = 376*h + 671. Determine j(-2).
-81
Let v(y) = -y**2 - 34*y - 98. Determine v(-29).
47
Let s(j) = j**3 - 4*j**2 - 93*j + 229. Determine s(-9).
13
Let v(j) = -31*j - 29. Give v(7).
-246
Let p(d) = -3*d**2 - 190*d + 381. Determine p(2).
-11
Let o(a) = 23*a + 782. Calculate o(-33).
23
Let a(u) = -3*u**2 - 110*u + 663. Give a(-42).
-9
Let v(a) = -a**3 + 81*a**2 + 91*a - 755. What is v(82)?
-17
Let t(u) = -u**3 - 6*u**2 + 42*u + 217. Calculate t